a composite number?
True
Is 137029 composite?
False
Is 35057 a composite number?
True
Is 4474 composite?
True
Is 8098 composite?
True
Is 33139 a prime number?
False
Is 102761 prime?
True
Is 18269 composite?
False
Is 1711 composite?
True
Is 400369 prime?
False
Is 9689 a prime number?
True
Is 41989 a prime number?
False
Is 2999 prime?
True
Is 42281 composite?
False
Is 85793 a prime number?
True
Is 69289 prime?
False
Is 6271 composite?
False
Is 30599 composite?
True
Is 31379 a composite number?
False
Is 16183 a prime number?
True
Is 3343 composite?
False
Is 72869 a composite number?
False
Is 2332127 composite?
True
Is 612382 a composite number?
True
Is 12709 a prime number?
False
Is 10211 composite?
False
Is 396145 prime?
False
Is 171723 a prime number?
False
Is 412817 a composite number?
True
Is 2618911 composite?
True
Is 1361 prime?
True
Is 202145 a composite number?
True
Is 694 composite?
True
Is 325621 composite?
True
Is 332251 prime?
True
Is 1213 a composite number?
False
Is 221246 a composite number?
True
Is 17183 a prime number?
True
Is 95573 a composite number?
True
Is 358541 composite?
False
Is 9293 a prime number?
True
Is 1657 a composite number?
False
Is 1657 a prime number?
True
Is 10979 a prime number?
True
Is 16843 a prime number?
True
Is 708733 a prime number?
True
Is 12778 a prime number?
False
Is 112223 prime?
True
Is 11287 a composite number?
False
Is 4451 prime?
True
Is 80903 a prime number?
False
Is 1005821 a prime number?
True
Is 8885 a composite number?
True
Is 637366 composite?
True
Is 12899 composite?
False
Is 4657 a prime number?
True
Is 24751 prime?
False
Is 14359 a composite number?
True
Is 7831 prime?
False
Is 184649 a prime number?
True
Is 5602 a composite number?
True
Is 2147 a composite number?
True
Is 221887 composite?
True
Is 123599 prime?
False
Is 16217 composite?
False
Is 88643 prime?
True
Is 23011 a composite number?
False
Is 362711 composite?
True
Is 1267 a prime number?
False
Is 882073 prime?
False
Is 119117 a composite number?
True
Is 223246 a composite number?
True
Is 5513 a composite number?
True
Is 23531 a composite number?
False
Is 2203 a prime number?
True
Is 11731 a composite number?
False
Is 202102 prime?
False
Is 81509 composite?
False
Is 123055 composite?
True
Is 4861 a prime number?
True
Is 31523 a prime number?
False
Is 235109 a composite number?
True
Is 2429 a prime number?
False
Is 2707 a composite number?
False
Is 13379 a composite number?
True
Is 28687 a prime number?
True
Is 159071 a composite number?
True
Is 663029 prime?
False
Is 133919 a composite number?
False
Is 3845 prime?
False
Is 131489 composite?
False
Is 211 prime?
True
Is 480881 a prime number?
True
Is 3941273 prime?
False
Is 1502 prime?
False
Is 138239 a composite number?
False
Is 156899 prime?
True
Is 73574 composite?
True
Is 65599 composite?
False
Is 973147 a composite number?
True
Is 137767 a prime number?
False
Is 12365 a prime number?
False
Is 672559 a composite number?
True
Is 552187 prime?
False
Is 9413 prime?
True
Is 6599 prime?
True
Is 20143 a composite number?
False
Is 3214 a composite number?
True
Is 11677 a prime number?
True
Is 26755 composite?
True
Is 116255 composite?
True
Is 30395 a prime number?
False
Is 57455 a composite number?
True
Is 1709 composite?
False
Is 2371 a prime number?
True
Is 333571 prime?
False
Is 8021 a prime number?
False
Is 457 composite?
False
Is 980351 prime?
False
Is 731021 a composite number?
True
Is 383245 a composite number?
True
Is 785537 composite?
False
Is 10001 a prime number?
False
Is 42953 composite?
False
Is 2333 a composite number?
False
Is 47181 a composite number?
True
Is 598591 prime?
False
Is 9407 composite?
True
Is 270605 a composite number?
True
Is 39359 prime?
True
Is 732635 prime?
False
Is 26399 composite?
False
Is 70289 composite?
False
Is 163 a composite number?
False
Is 2231 prime?
False
Is 385699 prime?
False
Is 393301 a prime number?
True
Is 3329 composite?
False
Is 1943 a prime number?
False
Is 62417 composite?
False
Is 16519 prime?
True
Is 24191 a prime number?
False
Is 11757 composite?
True
Is 898 a prime number?
False
Is 3271 a prime number?
True
Is 7921 composite?
True
Is 240731 composite?
True
Is 5591 a prime number?
True
Is 305717 composite?
False
Is 19517 a prime number?
False
Is 433241 a composite number?
False
Is 6331 a prime number?
False
Is 1192899 a composite number?
True
Is 157393 a prime number?
True
Is 21011 a composite number?
False
Is 54569 a prime number?
False
Is 22189 a composite number?
False
Is 364981 composite?
True
Is 13119 prime?
False
Is 244583 a prime number?
True
Is 12589 composite?
False
Is 92519 prime?
False
Is 2069329 prime?
True
Is 702043 prime?
False
Is 2413 composite?
True
Is 15095 prime?
False
Is 72577 a composite number?
False
Is 6541 composite?
True
Is 50459 composite?
False
Is 139589 prime?
True
Is 6385 composite?
True
Is 9355 a prime number?
False
Is 40277 a prime number?
True
Is 3085 prime?
False
Is 1687159 a composite number?
True
Is 36847 composite?
False
Is 476947 a composite number?
True
Is 34769 composite?
True
Is 741227 a prime number?
True
Is 6619 prime?
True
Is 305971 prime?
True
Is 1546 a prime number?
False
Is 3603 composite?
True
Is 23657 prime?
False
Is 4673 prime?
True
Is 3907 composite?
False
Is 379 a composite number?
False
Is 4187 composite?
True
Is 18119 composite?
False
Is 3240761 composite?
True
Is 61681 a prime number?
True
Is 64969 composite?
False
Is 170218 prime?
False
Is 153943 a composite number?
True
Is 39857 prime?
True
Is 28043 a prime number?
False
Is 13589 a composite number?
True
Is 99931 a composite number?
True
Is 15727 a prime number?
True
Is 16519 a composite number?
False
Is 115811 a prime number?
True
Is 3761 a prime number?
True
Is 2429 prime?
False
Is 10357 a composite number?
False
Is 601681 a composite number?
True
Is 55579 a prime number?
True
Is 10831 composite?
False
Is 14351 a composite number?
True
Is 21343 a prime number?
False
Is 22459 a composite number?
True
Is 21059 a prime number?
True
Is 49 prime?
False
Is 101627 composite?
False
Is 15253 composite?
True
Is 2521 a prime number?
True
Is 5603 prime?
False
Is 40483 composite?
False
Is 5557 a prime number?
True
Is 34157 composite?
False
Is 1158266 a prime number?
False
Is 1063109 composite?
False
Is 41869 a prime number?
False
Is 163015 composite?
True
Is 56567 a prime number?
False
Is 20489 prime?
False
Is 166381 a composite number?
True
Is 1237 a composite number?
False
Is 1731 composite?
True
Is 1507 prime?
False
Is 95671 composite?
True
Is 2027 composite?
False
Is 10559 a prime number?
True
Is 34583 a composite number?
False
Is 11053 a composite number?
True
Is 10649 prime?
False
Is 1076443 a prime number?
True
Is 30571 a composite number?
True
Is 245587 prime?
True
Is 107531 a prime number?
False
Is 131963 prime?
False
Is 20593 a prime number?
True
Is 273301 prime?
False
Is 251897 a prime number?
True
Is 449609 composite?
False
Is 349555 composite?
True
Is 6599 a composite number?
False
Is 1246069 a composite number?
True
Is 7251 composite?
True
Is 6737 prime?
True
Is 66397 a prime number?
False
Is 2070793 a prime number?
True
Is 2933 a composite number?
True
Is 3607 a prime number?
True
Is 14909 a prime number?
False
Is 31063 a composite number?
False
Is 157117 a composite number?
True
Is 1027 a composite number?
True
Is 735578 prime?
False
Is 158929 composite?
True
Is 6254833 a composite number?
True
Is 51539 a prime number?
True
Is 8859 composite?
True
Is 3659 a composite number?
False
Is 49183 a composite number?
True
Is 9511 prime?
True
Is 5557 a prime number?
True
Is 6689 prime?
True
Is 64451 prime?
True
Is 1219 prime?
False
Is 18329 a composite number?
False
Is 1633 a composite number?
True
Is 2321 a prime number?
False
Is 2417 a composite number?
False
Is 1597 a prime number?
True
Is 165749 a composite number?
False
Is 11657 composite?
False
Is 2028973 prime?
True
Is 3251 prime?
True
Is 30803 composite?
False
Is 55579 prime?
True
Is 971 prime?
True
Is 5777 a prime number?
False
Is 15557 prime?
False
Is 9091 prime?
True
Is 1143943 a prime number?
True
Is 33739 a composite number?
False
Is 4701767 composite?
True
Is 848107 a prime number?
False
Is 13173 prime?
False
Is 1037 composite?
True
Is 22579 composite?
True
